 factor of 1802 and 124804718?
1802
What is the greatest common factor of 2878997 and 46926?
869
Calculate the greatest common factor of 47602706 and 4.
2
What is the highest common factor of 198555 and 499968?
651
Calculate the greatest common divisor of 4776956 and 774.
86
Calculate the highest common divisor of 336 and 93552.
48
Calculate the highest common factor of 25776 and 6412496.
2864
What is the highest common divisor of 10849 and 26923?
19
What is the greatest common divisor of 1918 and 1369088?
14
What is the highest common factor of 24754784 and 62440?
1784
Calculate the greatest common factor of 646 and 15708782.
646
What is the highest common factor of 2987062344 and 3528?
3528
What is the highest common factor of 21090187 and 1868?
467
What is the greatest common divisor of 1065142 and 26542?
1154
What is the highest common factor of 27024 and 627056?
16
Calculate the highest common factor of 224795756 and 372.
124
Calculate the greatest common divisor of 5691 and 111846.
21
What is the highest common factor of 785608 and 297716?
1132
What is the highest common factor of 2552648 and 37800?
56
Calculate the highest common divisor of 1281375 and 408.
51
What is the greatest common divisor of 156 and 16280238?
78
Calculate the highest common divisor of 29015374 and 2714.
2714
Calculate the greatest common factor of 3025320 and 22920.
120
Calculate the highest common factor of 54 and 888543.
27
Calculate the greatest common factor of 430934 and 728.
14
What is the highest common divisor of 50 and 107838120?
10
Calculate the highest common divisor of 313092 and 40287.
39
What is the greatest common factor of 37689 and 147169?
17
What is the highest common divisor of 3596 and 77635088?
116
Calculate the highest common factor of 3 and 16394364.
3
What is the highest common factor of 22 and 653213?
11
What is the highest common divisor of 143556696 and 10704?
5352
What is the greatest common factor of 143294308 and 6632?
3316
Calculate the greatest common factor of 3608 and 2549294.
22
What is the highest common divisor of 4710 and 41568105?
2355
Calculate the highest common factor of 1135154 and 53318.
106
Calculate the highest common factor of 69212 and 294.
2
Calculate the greatest common factor of 1737 and 186426.
9
What is the highest common factor of 660 and 404970324?
132
What is the highest common factor of 83594 and 25199326?
1706
What is the highest common factor of 23466359 and 6668?
1667
Calculate the greatest common divisor of 672395 and 500625.
445
What is the greatest common divisor of 14862025 and 2990?
115
What is the greatest common factor of 6792 and 456479?
283
What is the highest common divisor of 14756834 and 51186?
898
Calculate the highest common factor of 2883584 and 6336.
704
Calculate the greatest common divisor of 43646 and 9527894.
278
What is the highest common divisor of 1472 and 676751264?
736
Calculate the greatest common factor of 2600 and 10343.
1
What is the highest common factor of 70090 and 2365?
215
Calculate the greatest common factor of 116432 and 61104.
304
Calculate the greatest common divisor of 146211904 and 256.
64
What is the highest common divisor of 22997 and 18386?
29
What is the greatest common factor of 176 and 20717184?
16
Calculate the highest common divisor of 14463 and 41640584.
1607
Calculate the greatest common divisor of 387 and 32235939.
387
Calculate the highest common divisor of 318848 and 603104.
1504
What is the highest common factor of 18384064 and 128?
64
Calculate the highest common divisor of 2356 and 62454026.
1178
Calculate the greatest common factor of 89514 and 4626.
18
What is the greatest common divisor of 14384117 and 726?
121
What is the greatest common factor of 3650 and 1221950?
50
What is the greatest common factor of 14505 and 103240?
5
What is the greatest common divisor of 42343 and 12337591?
161
Calculate the highest common divisor of 15504836 and 1292.
76
Calculate the highest common divisor of 170355 and 12915.
615
Calculate the highest common factor of 4820827 and 660539.
583
What is the highest common factor of 10105395 and 17?
17
What is the highest common factor of 10232596 and 11894?
626
Calculate the greatest common divisor of 5733147 and 231.
21
What is the greatest common factor of 49776436 and 404?
404
Calculate the greatest common divisor of 23420516 and 145.
29
Calculate the highest common divisor of 12 and 7006852.
4
What is the greatest common factor of 168 and 7558728?
24
Calculate the greatest common divisor of 312214 and 798196.
406
What is the greatest common factor of 100091 and 70397?
101
What is the greatest common factor of 54600 and 936390?
2730
Calculate the highest common factor of 10704 and 507216.
48
What is the highest common factor of 1039 and 10071027?
1039
What is the highest common divisor of 305877 and 724152?
429
Calculate the greatest common factor of 45600 and 383952.
912
What is the greatest common divisor of 22840 and 392?
8
What is the greatest common divisor of 80 and 386141856?
16
What is the highest common factor of 410275530 and 1701?
567
Calculate the greatest common divisor of 642294 and 774.
18
Calculate the highest common divisor of 4467144 and 6402.
66
What is the greatest common factor of 1567475 and 435575?
175
What is the greatest common factor of 3070752 and 165648?
1392
Calculate the greatest common factor of 87565 and 2047195.
415
What is the highest common divisor of 6244 and 161420?
28
Calculate the greatest common factor of 613012 and 3557588.
1324
What is the greatest common factor of 39754 and 1403622?
3058
Calculate the greatest common factor of 362222144 and 96.
32
What is the greatest common divisor of 15285410 and 70?
70
What is the greatest common factor of 7 and 461830586?
7
Calculate the greatest common divisor of 151 and 247594851.
151
Calculate the greatest common divisor of 117241371 and 2106.
351
Calculate the greatest common factor of 43385675 and 1455.
485
Calculate the highest common factor of 78428286 and 36.
18
Calculate the greatest common factor of 13818 and 3969714.
1974
Calculate the greatest common factor of 762432 and 128304.
528
What is the greatest common factor of 430 and 144490?
10
What is the highest common divisor of 15 and 233368935?
15
What is the highest common factor of 11880 and 355168440?
3960
What is the greatest common factor of 2755 and 623065?
145
Calculate the highest common factor of 109182 and 1519.
31
What is the greatest common factor of 301678600 and 3400?
3400
Calculate the highest common divisor of 636915 and 18.
3
What is the greatest common divisor of 139 and 559081213?
139
What is the greatest common divisor of 83445 and 25485?
15
Calculate the highest common factor of 11 and 489023623.
11
Calculate the greatest common divisor of 104416 and 13159679.
3263
What is the highest common divisor of 150 and 612726?
6
Calculate the greatest common factor of 12669 and 4177572.
123
Calculate the highest common divisor of 105690 and 34530.
30
Calculate the greatest common divisor of 488 and 330536.
8
What is the highest common divisor of 54222826 and 1666?
238
What is the greatest common divisor of 13930 and 37786?
14
What is the highest common divisor of 1351852 and 10?
2
Calculate the highest common factor of 33438993 and 3021.
57
Calculate the greatest common divisor of 88227111 and 42.
21
What is the highest common divisor of 268 and 1000358776?
268
Calculate the greatest common divisor of 2261 and 18258221.
323
Calculate the greatest common factor of 1235 and 12796615.
65
Calculate the greatest common divisor of 112313788 and 818264.
14108
Calculate the greatest common factor of 7308 and 4807446.
1218
Calculate the highest common divisor of 21 and 3191907.
3
Calculate the greatest common divisor of 2126 and 21788311.
1063
Calculate the highest common factor of 497096 and 6.
2
Calculate the highest common factor of 3817962 and 85.
17
Calculate the highest common divisor of 608746215 and 120.
15
Calculate the greatest common divisor of 875 and 1199198000.
875
Calculate the greatest common divisor of 5360 and 87240365.
335
Calculate the greatest common factor of 426423 and 417.
3
What is the greatest common divisor of 515455902 and 13?
13
Calculate th